
Calculate the remainder when 244764104 is divided by 237.
221
Calculate the remainder when 4662099 is divided by 58276.
19
Calculate the remainder when 114267410 is divided by 7100.
10
Calculate the remainder when 159305 is divided by 19913.
1
What is the remainder when 57840 is divided by 642?
60
What is the remainder when 388514 is divided by 92?
90
What is the remainder when 1479306 is divided by 29582?
206
Calculate the remainder when 1024452 is divided by 2360.
212
What is the remainder when 46542173 is divided by 5619?
5615
What is the remainder when 10135 is divided by 2466?
271
Calculate the remainder when 215817 is divided by 362.
65
What is the remainder when 3595327 is divided by 206?
9
Calculate the remainder when 19625 is divided by 4713.
773
What is the remainder when 1154093 is divided by 164714?
1095
What is the remainder when 643011 is divided by 285?
51
What is the remainder when 25139112 is divided by 22?
20
What is the remainder when 380275 is divided by 957?
346
Calculate the remainder when 1966057811 is divided by 27.
26
Calculate the remainder when 4974754 is divided by 2487375.
4
What is the remainder when 359985 is divided by 2093?
2082
What is the remainder when 1483273 is divided by 122?
119
What is the remainder when 3233260 is divided by 764?
12
Calculate the remainder when 11630453 is divided by 197126.
19
What is the remainder when 16200766 is divided by 4303?
4274
What is the remainder when 26653776 is divided by 5995?
6
What is the remainder when 9258003 is divided by 49?
41
What is the remainder when 27975 is divided by 9124?
603
Calculate the remainder when 564081 is divided by 187783.
732
Calculate the remainder when 1498707 is divided by 3040.
3027
Calculate the remainder when 28700845 is divided by 927.
925
What is the remainder when 757827 is divided by 757802?
25
What is the remainder when 9033719 is divided by 193?
161
Calculate the remainder when 307386857 is divided by 220.
217
Calculate the remainder when 85054 is divided by 12136.
102
What is the remainder when 1905134 is divided by 158760?
14
Calculate the remainder when 5868157 is divided by 3306.
7
Calculate the remainder when 734455 is divided by 13353.
40
What is the remainder when 92853366 is divided by 31?
27
What is the remainder when 3896264 is divided by 144306?
2
Calculate the remainder when 1136034 is divided by 113595.
84
Calculate the remainder when 2558093 is divided by 1279044.
5
Calculate the remainder when 106487 is divided by 18471.
14132
Calculate the remainder when 60258 is divided by 4302.
30
Calculate the remainder when 27897152 is divided by 27896968.
184
Calculate the remainder when 325743 is divided by 12525.
93
Calculate the remainder when 1721164 is divided by 3035.
319
Calculate the remainder when 8824755 is divided by 246.
243
What is the remainder when 790862014 is divided by 197?
195
What is the remainder when 378657 is divided by 447?
48
Calculate the remainder when 42761 is divided by 73.
56
What is the remainder when 89812 is divided by 89585?
227
Calculate the remainder when 47852 is divided by 134.
14
What is the remainder when 5881 is divided by 1090?
431
What is the remainder when 77705 is divided by 2221?
2191
What is the remainder when 5448559 is divided by 4994?
105
What is the remainder when 879360 is divided by 175812?
300
Calculate the remainder when 904727 is divided by 506.
505
What is the remainder when 73031 is divided by 17203?
4219
What is the remainder when 2238197 is divided by 198?
5
Calculate the remainder when 82857 is divided by 7300.
2557
Calculate the remainder when 5908401 is divided by 1906.
1707
What is the remainder when 2426342 is divided by 929?
723
Calculate the remainder when 148796 is divided by 216.
188
What is the remainder when 16683 is divided by 320?
43
What is the remainder when 564961 is divided by 43458?
7
What is the remainder when 1152231 is divided by 576015?
201
Calculate the remainder when 87670 is divided by 86591.
1079
What is the remainder when 2524732 is divided by 18?
16
What is the remainder when 165482 is divided by 234?
44
What is the remainder when 7260 is divided by 2419?
3
Calculate the remainder when 115884511 is divided by 544.
543
Calculate the remainder when 1929477 is divided by 21.
18
What is the remainder when 15343422 is divided by 5114453?
63
What is the remainder when 173611 is divided by 173241?
370
Calculate the remainder when 3674443 is divided by 145.
143
Calculate the remainder when 694029 is divided by 11016.
21
Calculate the remainder when 12109 is divided by 12.
1
What is the remainder when 29565 is divided by 29096?
469
Calculate the remainder when 3913797 is divided by 20.
17
What is the remainder when 349970 is divided by 9997?
75
Calculate the remainder when 304017 is divided by 153.
6
Calculate the remainder when 1362502426 is divided by 13524.
13522
What is the remainder when 1463213 is divided by 3774?
2675
Calculate the remainder when 33835 is divided by 16807.
221
Calculate the remainder when 275631 is divided by 2014.
1727
What is the remainder when 4475475 is divided by 35?
25
Calculate the remainder when 52465404 is divided by 74.
70
Calculate the remainder when 4391998 is divided by 502.
0
Calculate the remainder when 1406727 is divided by 468881.
84
Calculate the remainder when 16349 is divided by 69.
65
What is the remainder when 14841637 is divided by 1895?
1892
What is the remainder when 385433 is divided by 539?
48
Calculate the remainder when 2157399 is divided by 165953.
10
What is the remainder when 1898051 is divided by 1196?
1195
What is the remainder when 12226419 is divided by 26?
23
What is the remainder when 69334197 is divided by 40?
37
Calculate the remainder when 783507 is divided by 4726.
3717
What is the remainder when 1094882 is divided by 1094735?
147
What is the remainder when 130171863 is divided by 1067?
1064
What is the remainder when 26933343 is divided by 137415?
3
What is the remainder when 10297863 is divided by 101?
4
What is the remainder when 11766021 is divided by 21?
15
What is the remainder when 3894165 is divided by 111256?
205
Calculate the remainder when 537975 is divided by 31537.
1846
Calculate the remainder when 1260704 is divided by 42023.
14
Calculate the remainder when 59133688 is divided by 318.
316
Calculate the remainder when 975836 is divided by 551.
15
Calculate the remainder when 1094016 is divided by 273361.
572
Calculate the remainder when 614082 is divided by 1642.
1616
Calculate the remainder when 18712133 is divided by 30.
23
What is the remainder when 25943 is divided by 1235?
8
What is the remainder when 20692 is divided by 1317?
937
Calculate the remainder when 23987024 is divided by 4113.
8
Calculate the remainder when 4190155 is divided by 598473.
844
Calculate the remainder when 3034948 is divided by 68.
40
What is the remainder when 38626 is divided by 18515?
1596
Calculate the remainder when 1716362 is divided by 7648.
3210
What is the remainder when 77337 is divided by 1740?
777
What is the remainder when 3814 is divided by 750?
64
What is the remainder when 56664 is divided by 295?
24
Calculate the remainder when 108839 is divided by 2192.
1431
Calculate the remainder when 1146739 is divided by 460.
419
What is the remainder when 137248 is divided by 383?
134
Calculate the remainder when 8129262 is divided by 152.
150
What is the remainder when 2453791 is divided by 192?
31
What is the remainder when 6852967 is divided by 28?
23
What is the remainder when 503302 is divided by 13?
7
Calculate the remainder when 6473277 is divided by 220.
217
Calculate the remainder when 4144848 is divided by 324.
240
Calculate the remainder when 18171 is divided by 574.
377
What is the remainder when 395005 is divided by 24623?
1037
What is the remainder when 2689422 is divided by 767?
320
What is the remainder when 450649 is divided by 9388?
25
Calculate the remainder when 1237509 is divided by 19643.
0
Calculate the remainder when 79724130 is divided by 40.
10
Calculate the remainder when 352840322 is divided by 2107.
2102
Calculate the remainder when 33955027 is divided by 70.
57
Calculate the remainder when 7232555 is divided by 23.
21
Calculate the remainder when 15075305